 -2551334 (base 7) in base 2?
-1010001000001001101
-15350102 (base 8) to base 4
-31131001002
Convert -10211001 (base 5) to base 3.
-11022202211
What is 1c4e1a (base 15) in base 5?
323233200
-58939 (base 13) to base 5
-20140300
Convert -2b86b (base 13) to base 9.
-135432
145234 (base 6) to base 15
42c4
-157645 (base 16) to base 8
-5273105
-3407434 (base 9) to base 10
-1835977
-234068 (base 9) to base 12
-6955b
-4313050 (base 6) to base 11
-135250
311110300031 (base 4) to base 12
48215a5
4cc49 (base 16) to base 3
120222022222
11112021220010 (base 3) to base 2
1001001011101010101000
Convert -1010001111010110110 (base 2) to base 11.
-20a109
10011000101010000 (base 2) to base 7
443605
What is 100001100000000111111 (base 2) in base 16?
10c03f
Convert 1111111010001011000101 (base 2) to base 14.
7a7ba5
-12405153 (base 7) to base 6
-40101343
Convert 112004 (base 5) to base 16.
fa4
-600332 (base 10) to base 6
-20511152
Convert 120360 (base 7) to base 3.
1002220100
-ab829 (base 14) to base 7
-3351452
Convert -1001011010101100001 (base 2) to base 15.
-6166c
What is -2023120233 (base 4) in base 7?
-4565340
Convert -38c553 (base 13) to base 15.
-1c0c49
Convert 1442391 (base 10) to base 5.
332124031
2302311022 (base 4) to base 6
23411054
101011001001101000 (base 2) to base 8
531150
-1a419 (base 15) to base 4
-110310303
Convert 313301020 (base 4) to base 9.
377304
What is -2255653 (base 7) in base 15?
-58c94
Convert 460001 (base 8) to base 9.
256453
What is 300100102 (base 4) in base 12?
9646a
Convert 20203212202 (base 4) to base 3.
11012221210021
What is -1201444222 (base 5) in base 4?
-22203023322
What is 1001010110000111010110001 (base 2) in base 16?
12b0eb1
199329 (base 15) to base 4
10300032021
3e896e (base 15) to base 13
817a24
What is 62a91 (base 11) in base 5?
10414233
Convert 100626440 (base 8) to base 16.
1032d20
What is -28c7c8 (base 14) in base 10?
-1417452
Convert -1376001 (base 8) to base 7.
-3222264
What is -2252845 (base 9) in base 7?
-13222664
-1051342543 (base 6) to base 16
-b0499f
What is 4752104 (base 8) in base 7?
14021462
-7353291 (base 10) to base 7
-116334111
-2216432 (base 13) to base 10
-10438664
Convert 35201722 (base 8) to base 9.
15377416
What is -305779 (base 11) in base 6?
-14303541
-408608 (base 9) to base 15
-4bcd2
What is -1b6741 (base 16) in base 10?
-1795905
What is -1220110210211 (base 3) in base 13?
-296212
-124230313 (base 6) to base 12
-99b399
-1ae39c (base 15) to base 12
-5342a9
Convert -27656 (base 10) to base 11.
-19862
1ba526 (base 13) to base 9
1288552
What is 15534 (base 16) in base 8?
252464
What is -3311423 (base 7) in base 8?
-1431465
What is -267035 (base 8) in base 14?
-26229
Convert 19b3b (base 14) to base 13.
23969
-2525152 (base 6) to base 10
-135932
What is cc5fd (base 16) in base 9?
1515270
2b0595 (base 13) to base 7
11663513
What is 676085 (base 9) in base 2?
1100010110011000000
Convert -54022 (base 11) to base 3.
-10222202101
Convert -1176ab (base 14) to base 10.
-596775
Convert 3171601 (base 8) to base 6.
30105253
101812 (base 10) to base 11
6a547
Convert 100201202 (base 4) to base 5.
4131212
What is -101101010010101111101011 (base 2) in base 13?
-25c93c8
Convert 1101001010111001100 (base 2) to base 14.
b33c0
46195 (base 14) to base 15
3578a
548b (base 12) to base 9
13708
What is -11423928 (base 10) in base 13?
-249ca29
11111010100111 (base 2) to base 8
37247
Convert -55162365 (base 7) to base 8.
-22046005
Convert -53661574 (base 8) to base 11.
-65408a5
11112110222 (base 3) to base 8
256310
What is 31303138 (base 9) in base 11?
8556716
Convert 600012 (base 8) to base 5.
22242433
Convert -110110110100100011 (base 2) to base 10.
-224547
What is -5b744 (base 14) in base 4?
-312213100
Convert -134605214 (base 7) to base 2.
-100001100110100011110100
-917830 (base 14) to base 15
-66bb35
What is -2a23bd (base 15) in base 5?
-1010020403
84057 (base 12) to base 14
46dd9
-31e6b (base 15) to base 3
-22001102102
16772476 (base 9) to base 8
40126140
Convert 684d (base 14) to base 13.
8315
115322c (base 13) to base 3
101001200220102
a93103 (base 11) to base 6
101233100
962a (base 16) to base 8
113052
100001110111001011000001 (base 2) to base 6
514132001
What is -13dc26 (base 14) in base 13?
-1b276b
-101001011110 (base 2) to base 11
-1aa3
What is -23330300031 (base 4) in base 3?
-12220010212220
Convert 133111130213 (base 4) to base 8.
37253447
31a663 (base 11) to base 5
112340044
2061784 (base 9) to base 3
2002001212211
What is -24072 (base 12) in base 5?
-3022340
Convert -5a716 (base 11) to base 16.
-15553
What is -6f87a (base 16) in base 14?
-bc6a6
123800 (base 13) to base 16
6a886
What is 775512 (base 9) in base 12?
1a416b
-254220 (base 6) to base 12
-11370
Convert 1038502 (base 12) to base 7.
35014160
Convert -79493 (base 10) to base 11.
-547a7
What is -47670a4 (base 11) in base 10?
-8310878
Convert 22130113110 (base 4) to base 2.
1010011100010111010100
82667 (base 12) to base 15
356c7
Convert -338423 (base 11) to base 5.
-114210413
Convert 2a67328 (base 11) to base 9.
10783243
-623232 (base 7) to base 8
-320452
Convert -111011100010010101001100 (base 2) to base 6.
-1314303100
81479 (base 11) to base 5
12302104
What is -2017a (base 16) in base 13?
-47aa7
Convert 977457 (base 11) to base 14.
2c925b
What is 12263310 (base 8) in base 12?
aaa234
What is -3a851 (base 12) in base 11?
-556a5
Convert -601351 (base 7) to base 14.
-28d28
What is e582c (base 15) in base 8?
2614653
What is -3803881 (base 9) in base 2?
-111111001010001110111
What is -4052426 (base 8) in base 3?
-2000101020220
13b7003 (base 14) to base 8
44440233
What is -101100121102010 (base 3) in base 6?
-313543133
Convert -1101233302 (base 4) to base 16.
-51bf2
Convert 3119803 (base 11) to base 8.
24774535
What is -338444 (base 13) in base 11?
-762005
1003804 (base 9) to base 11
33545a
Convert -3a2be (base 15) to base 4.
-231132032
10341515 (base 6) to base 5
34340410
3246534 (base 8) to base 14
1899b6
What is -101010001010011001101011 (base 2) in base 9?
-22715343
-1644124 (base 8) to base 4
-1310201110
What is 331c6d (base 15) in base 3?
11120202210211
Convert 53312724 (base 8) to base 3.
210101222001110
Convert -88706 (base 12) to base 7.
-1351620
Convert -10255027 (base 9) to base 16.
-4b5746
What is 10b125d (base 14) in base 9?
15864586
Convert -954ec (base 16) to base 3.
-1011001220112
What is 10779 (base 14) in base 7?
224212
Convert 221030122 (base 4) to base 8.
511432
Convert -69134 (base 11) to base 4.
-120122033
Convert -1245405 (base 6) to base 2.
-10000110000001101
-1032120000 (base 4) to base 5
-40233044
Convert 23988b (base 12) to base 8.
2146253
What is -3624 (base 7) in base 4?
-110331
What is 54435245 (base 7) in base 14?
895ccc
1210121100000 (base 3) to base 13
2765b8
Convert 15444 (base 11) to base 8.
52504
What is 55462 (base 9) in base 8?
107736
-11011110100000101011 (base 2) to base 9
-1638180
Convert 5325444 (base 6) to base 5.
31313302
-20c91f (base 16) to base 14
-3dd063
-dca339 (base 14) to base 8
-34422717
Convert -11236353 (base 10) to base 13.
-243553b
Convert -49160 (base 12) to base 15.
-1e3ac
21122120202 (base 3) to base 14
3cc51
3a137 (base 11) to base 14
16cb8
What is -11100011010001011010 (base 2) in base 5?
-214242111
What is -22021514 (base 6) in base 15?
-ce657
11101011110111110 (base 2) to base 3
20010122211
What is 1014012 (base 7) in base 2?
11101101001010111
What is -10101000011100000110 (base 2) in base 15?
-d9651
Convert 1ae13 (base 16) to base 10.
110099
Convert -3da5c (base 14) to base 4.
-211112002
Convert -112110213120 (base 4) to base 10.
-5851608
What is -7901908 (base 11) in base 6?
-1212525222
What is -1348064 (base 10) in base 14?
-2713c4
What is 12202310301 (base 4) in base 13?
480abc
-124614 (base 7) to base 3
-1011221110
What is -334210010 (base 6) in base 5?
-3024112014
Convert -32250133 (base 6) to base 15.
-13d059
Convert 1111000110000110010 (base 2) to base 3.
221010112002
6ab926 (base 13) to base 12
a25468
-2411068 (base 9) to base 13
-369848
Convert -1172777 (base 9) to base 4.
-2123320300
What is -24836 (base 16) in base 12?
-72672
What is 1110010000001 (base 2) in base 13?
3424
Convert -111111100110001010 (base 2) to base 6.
-5325550
-a38989 (base 13) to base 5
-1434132243
Convert -16ab